hat is -51 (base 7) in base 15?
-26
Convert -7 (base 14) to base 8.
-7
Convert -3 (base 4) to base 10.
-3
What is -5f (base 16) in base 4?
-1133
What is -5 (base 9) in base 15?
-5
Convert -29 (base 13) to base 8.
-43
Convert -71 (base 14) to base 15.
-69
Convert 5a (base 15) to base 14.
61
What is -1 (base 14) in base 9?
-1
-1 (base 13) to base 2
-1
Convert 28 (base 15) to base 13.
2c
13 (base 6) to base 9
10
What is -202 (base 3) in base 7?
-26
8 (base 12) to base 14
8
What is 3 (base 10) in base 15?
3
What is -6 (base 16) in base 12?
-6
What is -5 (base 9) in base 3?
-12
Convert 55 (base 11) to base 10.
60
Convert 0 (base 4) to base 10.
0
-11 (base 13) to base 6
-22
-200 (base 5) to base 11
-46
What is -32 (base 4) in base 2?
-1110
What is -31 (base 8) in base 2?
-11001
What is -7 (base 9) in base 5?
-12
What is 3 (base 11) in base 14?
3
Convert 93 (base 14) to base 15.
89
What is 100 (base 4) in base 3?
121
-1011 (base 2) to base 8
-13
Convert 16 (base 13) to base 10.
19
Convert 72 (base 16) to base 9.
136
-5 (base 11) to base 13
-5
Convert -39 (base 12) to base 9.
-50
-6 (base 10) to base 8
-6
What is -13 (base 7) in base 3?
-101
What is -11010011 (base 2) in base 5?
-1321
Convert -2 (base 9) to base 3.
-2
What is -1032 (base 6) in base 10?
-236
What is -11 (base 3) in base 8?
-4
1 (base 5) to base 2
1
What is -56 (base 10) in base 16?
-38
-404 (base 6) to base 2
-10010100
-10 (base 15) to base 5
-30
What is -6f (base 16) in base 6?
-303
What is -11110 (base 2) in base 5?
-110
1111110 (base 2) to base 3
11200
What is 11020 (base 3) in base 13?
8a
Convert -6 (base 12) to base 9.
-6
What is -11 (base 2) in base 16?
-3
Convert -135 (base 14) to base 8.
-363
122 (base 5) to base 3
1101
Convert -6 (base 7) to base 3.
-20
What is -11101 (base 3) in base 16?
-76
-1 (base 6) to base 3
-1
14 (base 6) to base 12
a
-7 (base 10) to base 3
-21
Convert -36 (base 11) to base 14.
-2b
271 (base 9) to base 7
442
Convert -11101 (base 2) to base 13.
-23
-6 (base 16) to base 15
-6
Convert -2 (base 10) to base 13.
-2
What is -11 (base 2) in base 13?
-3
Convert -11101101 (base 2) to base 4.
-3231
Convert -26 (base 10) to base 8.
-32
Convert -2 (base 13) to base 2.
-10
Convert 9 (base 10) to base 12.
9
2 (base 5) to base 16
2
Convert -1010 (base 2) to base 12.
-a
What is -110 (base 2) in base 16?
-6
What is -101 (base 3) in base 11?
-a
1 (base 3) to base 8
1
0 (base 6) to base 7
0
Convert -111 (base 3) to base 2.
-1101
What is 3 (base 15) in base 6?
3
Convert 13 (base 6) to base 4.
21
-5 (base 12) to base 2
-101
Convert 1 (base 16) to base 13.
1
Convert 1 (base 6) to base 5.
1
Convert -16 (base 13) to base 10.
-19
Convert -102 (base 4) to base 16.
-12
What is 222 (base 5) in base 3?
2022
314 (base 5) to base 15
59
Convert -172 (base 10) to base 14.
-c4
-62 (base 7) to base 15
-2e
Convert -21 (base 3) to base 12.
-7
Convert -7d (base 14) to base 6.
-303
10301 (base 4) to base 10
305
-21 (base 3) to base 2
-111
What is -13 (base 11) in base 2?
-1110
450 (base 8) to base 15
14b
What is 202 (base 3) in base 2?
10100
Convert 10200 (base 3) to base 10.
99
Convert -15 (base 12) to base 15.
-12
What is 0 (base 6) in base 5?
0
-3 (base 8) to base 9
-3
What is 111 (base 2) in base 4?
13
What is 264 (base 8) in base 3?
20200
What is 0 (base 12) in base 13?
0
Convert 3 (base 5) to base 15.
3
What is -10102 (base 3) in base 8?
-134
-44 (base 13) to base 16
-38
-31 (base 15) to base 9
-51
Convert 2 (base 14) to base 16.
2
What is 3 (base 9) in base 2?
11
Convert -23 (base 5) to base 16.
-d
Convert -6 (base 16) to base 7.
-6
Convert -16 (base 7) to base 10.
-13
-11100 (base 2) to base 4
-130
Convert 21 (base 5) to base 6.
15
Convert 280 (base 12) to base 11.
31a
Convert 4 (base 7) to base 3.
11
-1 (base 7) to base 4
-1
-1 (base 5) to base 6
-1
-11 (base 10) to base 16
-b
Convert 33 (base 6) to base 15.
16
Convert -4 (base 11) to base 4.
-10
What is 71 (base 14) in base 10?
99
79 (base 10) to base 9
87
Convert 3 (base 9) to base 10.
3
Convert 30 (base 4) to base 3.
110
Convert 7 (base 8) to base 12.
7
-10 (base 4) to base 2
-100
What is 0 (base 14) in base 15?
0
-13 (base 6) to base 3
-100
What is 101 (base 3) in base 8?
12
What is -1 (base 15) in base 5?
-1
What is -111 (base 2) in base 11?
-7
Convert 0 (base 12) to base 6.
0
What is 4 (base 6) in base 16?
4
What is 1 (base 7) in base 13?
1
What is 1 (base 4) in base 11?
1
What is a (base 12) in base 16?
a
Convert -1000 (base 2) to base 16.
-8
Convert -353 (base 8) to base 10.
-235
Convert -1 (base 10) to base 14.
-1
-11 (base 2) to base 4
-3
What is 0 (base 10) in base 7?
0
Convert -10001011 (base 2) to base 11.
-117
Convert -77 (base 11) to base 10.
-84
Convert 0 (base 13) to base 15.
0
b (base 16) to base 5
21
What is -121 (base 12) in base 9?
-207
Convert -1101 (base 3) to base 9.
-41
What is 3 (base 11) in base 2?
11
What is 10 (base 4) in base 3?
11
Convert 37 (base 9) to base 8.
42
Convert 2 (base 13) to base 10.
2
-322 (base 4) to base 7
-112
What is -8 (base 10) in base 3?
-22
Convert 110 (base 2) to base 9.
6
What is 134 (base 8) in base 16?
5c
9a (base 13) to base 14
91
What is 1231 (base 4) in base 16?
6d
What is -30 (base 15) in base 10?
-45
Convert 11 (base 7) to base 6.
12
-c (base 14) to base 8
-14
What is -46 (base 14) in base 6?
-142
What is 20 (base 3) in base 6?
10
Convert 2 (base 8) to base 9.
2
Convert -5 (base 8) to base 14.
-5
-127 (base 8) to base 13
-69
Convert 2 (base 6) to base 16.
2
Convert 1 (base 13) to base 11.
1
What is 1b (base 15) in base 8?
32
11010 (base 2) to base 4
122
What is -3 (base 5) in base 13?
-3
What is -2 (base 4) in base 15?
-2
What is -2d (base 15) in base 14?
-31
Convert 259 (base 10) to base 13.
16c
What is 0 (base 6) in base 10?
0
What is 14 (base 13) in base 5?
32
-1 (base 11) to base 10
-1
What is -87 (base 13) in base 9?
-133
Convert 5 (base 9) to base 15.
5
21 (base 4) to base 5
14
What is -65 (base 9) in base 14?
-43
Convert 75 (base 11) to base 16.
52
What is -161 (base 8) in base 11?
-a3
What is 1000 (base 2) in base 7?
11
What is 101 (base 2) in base 13?
5
Convert a (base 12) to base 5.
20
What is -100 (base 3) in base 7?
-12
What is -13 (base 5) in base 13?
-8
What is 41 (base 16) in base 9?
72
What is -1 (base 9) in base 7?
-1
Convert -24 (base 10) to base 4.
-120
Convert -10 (base 9) to base 4.
-21
Convert -3 (base 16) to base 13.
-3
Convert 9 (base 13) to base 12.
9
What is -2 (base 8) in base 3?
-2
What is -11 (base 12) in base 9?
-14
Convert 2 (base 12) to base 13.
2
53 (base 6) to base 13
27
What is -344 (base 6) in base 14?
-9a
313 (base 10) to base 9
377
Convert 1331 (base 4) to base 15.
85
1 (base 4) to base 2
1
Convert -1 (base 5) to base 2.
-1
Convert -2 (base 3) to base 8.
-2
What is 13 (base 10) in base 16?
d
What is 4 (base 9) in base 4?
10
-3d (base 16) to base 12
-51
Convert -6 (base 16) to base 14.
-6
Convert 0 (base 11) to base 12.
0
-181 (base 10) to base 5
-1211
What is -202 (base 4) in base 12?
-2a
d (base 14) to base 10
13
1101 (base 3) to base 11
34
What is c (base 14) in base 9?
13
What is -10 (base 6) in base 2?
-110
Convert -3 (base 14) to base 7.
-3
What is -12 (base 5) in base 4?
-13
Convert 57 (base 8) to base 6.
115
What is 145 (base 10) in base 2?
10010001
What is -3 (base 5) in base 2?
-11
-340 (base 6) to base 15
-8c
-4 (base 14) to base 10
-4
Convert 23 (base 4) to base 11.
10
What is 214 (base 7) in base 3?
11001
220 (base 4) to base 6
104
Convert -100 (base 2) to base 8.
-4
245 (base 6) to base 8
145
Convert -17 (base 9) to base 14.
-12
What is -7 (base 15) in base 13?
-7
What is 0 (base 5) in base 6?
0
Convert -3 (base 8) to base 2.
-11
What is 1011 (base 3) in base 15?
21
1 (base 4) to base 5
1
-2 (base 5) to base 16
-2
-13 (base 11) to base 12
-12
What is -49 (base 10) in base 2?
-110001
57 (base 12) to base 11
61
What is -550 (base 8) in base 3?
-111100
Convert 4 (base 6) to base 4.
10
Convert -3 (base 4) to base 10.
-3
What is -103 (base 5) in base 16?
-1c
15 (base 16) to base 12
19
What is -4 (base 14) in base 5?
-4
1110 (base 2) to base 14
10
112 (base 12) to base 15
a8
What is -236 (base 9) in base 10?
-195
What is 3 (base 16) in base 3?
10
What is -1c (base 13) in base 7?
-34
Convert 0 (base 8) to base 7.
0
60 (base 1